r when x is divided by 74.
73
Suppose -118 = -4*t + 178. Suppose -79*x + 15 = -t*x. Calculate the remainder when 14 is divided by x.
2
Suppose -3*z - 177 = -3*g, -2*g = -7*g + 2*z + 298. Suppose -2*h + 23 + 83 = 0. Let k = g - h. What is the remainder when 16 is divided by k?
2
Let u be ((-4050)/(-24))/(-15)*-8. Calculate the remainder when 173 is divided by (-13)/13*(1 - u).
84
What is the remainder when 500 is divided by (48/56)/((-27)/(-3906))?
4
Let s = 158 - 143. Suppose -31 + 119 = 8*d. Calculate the remainder when s is divided by d.
4
Let b(d) = d**3 + 21*d**2 - 62*d - 6. Calculate the remainder when b(-14) is divided by 1112.
10
Suppose 0 = 6*y - 77 - 13. Suppose 5*u = -5*v - 80, 0 = -v + 3*u + 3 - 7. Let m = y + v. What is the remainder when 12 is divided by m?
0
Suppose 112*o - 38398 - 8530 = 0. Calculate the remainder when o is divided by 43.
32
Suppose 3*j - 12 = -5*c - 9, -2*j = 3*c - 1. Suppose l - c*f - 112 = 0, -5*f = -5*l - 0*f + 580. Calculate the remainder when l is divided by 20.
18
Let q(o) = 2*o**3 - o**2 - 13*o + 25. Let p = -404 - -410. Calculate the remainder when q(p) is divided by 35.
28
Let t = -287 - -417. Suppose -38 - t = -14*s. Let j = -4 + 6. What is the remainder when s is divided by j?
0
Let f(b) = -18*b**2 - 24*b + 135. Let l be f(5). Let j = l - -462. What is the remainder when j is divided by 10?
7
Suppose -5996*u = -6023*u + 2646. What is the remainder when 780 is divided by u?
94
Suppose 221*d + 3328 = 13052. Calculate the remainder when 4223 is divided by d.
43
Let t(s) = s**3 - 24*s**2 + 45*s - 17. Let y be t(22). Suppose y*b + 4*j - 191 = 0, 3*b - 12*j - 112 = -17*j. What is the remainder when 103 is divided by b?
25
Let j(t) = 4*t**2 - 7*t - 4. Let x(p) = p**2 - 2*p. Let c(y) = j(y) - 3*x(y). Let r = -1 - -6. What is the remainder when c(r) is divided by 9?
7
Suppose 4*j - 15 = -3*n, 2*j + 31 - 6 = 5*n. Suppose -2*p + 9*p - 49 = j. Calculate the remainder when (-27)/(-9)*32/3 is divided by p.
4
Let v(i) = 59*i**2 - 440*i + 442. Calculate the remainder when 407 is divided by v(1).
41
Suppose 0 = 2*i - 4*i + 680. Let m be (2*233)/(162/81). Let a = i - m. Calculate the remainder when a is divided by 11.
8
Let b(a) = a**3 + a**2 + 6*a - 11. Let q be b(-4). Let t = -13 - q. What is the remainder when t is divided by 8?
6
Let k(b) = -b**2 + 3*b + 336. Calculate the remainder when 183 is divided by k(-16).
23
Let w = 5258 + -5205. Calculate the remainder when w is divided by 35.
18
Suppose 4*i - 3*f - 80 = 124, -3*i = f - 140. Calculate the remainder when i is divided by 3*45/27 - 2.
0
Suppose 4*c + 4*y = y + 197, 2*c - 96 = -2*y. Let h = 194 + -87. Calculate the remainder when h is divided by c.
1
Let j = -434 + 461. What is the remainder when 107 is divided by j?
26
Suppose 5*u + 509 = 4*i, 3*i + 5*u - 448 = -110. What is the remainder when 486 is divided by i?
2
Let m = -53 + 137. Let o be m/(-6)*(-1)/2. Let w(k) = 2*k - 2. What is the remainder when w(o) is divided by 5?
2
Suppose -40*h + 30 = -35*h. Let u(a) = a**2 - a - 19. Calculate the remainder when 52 is divided by u(h).
8
Suppose 5*k - 48 = -63. Let h(l) = -18*l - 24. Let d(a) = 43*a. What is the remainder when d(2) is divided by h(k)?
26
Suppose -35 = -2*i + i. Let b(l) = 399*l - 190. What is the remainder when b(1) is divided by i?
34
Let q be 93 - (3 - (5 - 4)). Suppose 6*d + q - 103 = 0. Suppose -28 = -5*f - 4*m, -f + 14 = 3*f - m. What is the remainder when f is divided by d?
0
Let c = -62 + 94. Let z(h) = -8*h + 138. Calculate the remainder when c is divided by z(15).
14
Suppose 20807 + 67693 = 50*l. Let o = l + -1756. Let y(t) = -25*t - 1. Calculate the remainder when y(-1) is divided by o.
10
Let q(t) = 10*t**2 + 28*t + 28. Let y be q(-23). Suppose 5*d - y + 1324 = 0. Calculate the remainder when d is divided by 28.
26
Suppose 0*g + 3*g - 30 = 0. Let s = 35825 + -35781. Calculate the remainder when s is divided by g.
4
Let b(a) = 27*a**3 - 3*a**2 - 7*a + 25. What is the remainder when b(2) is divided by 76?
63
Let i(x) = -24*x + 2. Let w be i(-7). Let g = 139 - 57. What is the remainder when g is divided by 5/(-2)*w/(-25)?
14
Suppose 666 + 886 = 7*t + 355. What is the remainder when 222 is divided by t?
51
Let t(x) = -10*x**2 + 3*x - 3. Let o be t(1). What is the remainder when 3 is divided by ((-12)/o)/(24/40)?
1
Suppose 23*z - 12*z = 66. Suppose -z = 3*k, -4*k = 4*x - 34 - 26. What is the remainder when x is divided by 10?
7
Suppose -2*m = 4*v - 160, m - 119 = 2*v - 5*v. Let n(x) = x**2 + 142*x + 2416. What is the remainder when n(-123) is divided by v?
1
Let z(q) = -5*q**2 - 501. Let o(x) = -x**2 - 100. Let j(l) = -11*o(l) + 2*z(l). What is the remainder when j(0) is divided by (-126)/(-7) - (7 + (-5 - 9))?
23
Suppose -19*n + 19116 = -16*n + 15*n. What is the remainder when n is divided by 88?
6
Let z = -10 + 60. Calculate the remainder when z is divided by ((-260)/30 - -22) + 4/6.
8
Suppose 0 = 2*v - 18*v - 26*v + 630. What is the remainder when 777 is divided by v?
12
Let h(s) = 6*s**2. Let k = -9 + 8. Let j be h(k). Suppose j*t - 5*t = 40. Calculate the remainder when t is divided by 21.
19
Let w(y) = 2*y - 10. Let u(o) = -o + 5. Let f(b) = 13*u(b) + 6*w(b). Let a be (-3608)/(-902)*2/8*-7. Calculate the remainder when 27 is divided by f(a).
3
Suppose -26 = -3*s - 2*r, -105 + 77 = -4*s + 4*r. Let o(x) = -6*x - 3. What is the remainder when o(-5) is divided by s?
3
Let p be ((-84)/9)/(3/((-45)/(-10))). Calculate the remainder when (6288/(-42))/(-8)*p/(-2) is divided by 44.
43
Suppose 13*t - 59962 - 13480 = -4*x, 3*x - 11294 = -2*t. Calculate the remainder when t is divided by 18.
16
Suppose -65*r = -63*r - 16. Suppose 2*d = r*d - 30. Calculate the remainder when d is divided by 4.
1
Let l be 156/(-42) + 4 - 96/(-7). What is the remainder when 115 is divided by 0 + l/(-49) + (-170)/(-7)?
19
Calculate the remainder when 150 is divided by (2600/(-182))/((-2)/7).
0
Suppose 0 = 11*g - 24*g - 78. Let x(f) = f**2 + 3*f. Suppose -5*y + 27 + 148 = 0. What is the remainder when y is divided by x(g)?
17
Let g be 2 - (3 - 12)*-3. Let y be g - -14 - -2*2/4. Let u(v) = v**2 + 11*v + 23. Calculate the remainder when u(y) is divided by 5.
3
Let j = -341 - -335. What is the remainder when 149 is divided by j/(-14) + (-1720)/(-70)?
24
Suppose -u - 6*d + 3*d + 28 = 0, 2*u + 2*d - 68 = 0. Suppose -z = -4*o + u, -3*o - o - z = -43. What is the remainder when 47 is divided by o?
7
Let t(n) = -64*n + 616. What is the remainder when t(7) is divided by 11?
3
Suppose 0 = 7*l - 65 - 40. Let n = 445 + -439. What is the remainder when l is divided by n?
3
Suppose -3*b + 234 = 3*l, -5*b - l + 257 + 141 = 0. What is the remainder when 277 is divided by b?
37
Let z(p) = -p**3 + 6*p**2 - 5*p - 8. Let f be z(4). Suppose -f*c + 10*v = 6*v - 52, -4*c = v - 67. Calculate the remainder when 101 is divided by c.
5
Let z = -279 - -339. Suppose z = g + 3*q - 0*q, -4*g + 206 = -5*q. Calculate the remainder when g is divided by ((-22)/8)/((-3)/12).
10
Suppose 0 = -10*f + 828 - 218. What is the remainder when f is divided by 10?
1
Let r = 6137 + -6011. Calculate the remainder when 127 is divided by r.
1
What is the remainder when 1575 is divided by 312 + -307 + 31*7?
21
Let a(c) be the first derivative of c**3/3 + c**2 + 8*c - 4. Calculate the remainder when a(6) is divided by (2 - 16)*(-18)/21.
8
Suppose 2416*c = -5*b + 2413*c + 895, -3*b - 4*c + 526 = 0. What is the remainder when b is divided by 305/10 - (-2)/4?
27
Let z = -36 - -71. Let f = 29 - z. Calculate the remainder when 59 is divided by 2/(-7) - f/42*219.
28
Suppose 206 - 752 = -5*c + 4*y, 4*c - 3*y - 436 = 0. Let l be (-9 - -8)/(2/14). What is the remainder when c is divided by 0/l - ((-27)/1 + -1)?
22
Let w = -3904 - -4214. Calculate the remainder when w is divided by 9.
4
Let u(m) = 2*m**3 - 24*m**2 + 55*m - 388. What is the remainder when 1101 is divided by u(12)?
13
Let p(v) = -4*v**2 + 7*v + 11. Let w be p(6). Let u = w - -94. Suppose 0 = 5*m - 4*i - 36, -u*i = 3*m + 2*m - 43. What is the remainder when 12 is divided by m?
4
Let g = 5070 + -4639. Suppose 0 = 5*t - 10*t + 155. Calculate the remainder when g is divided by t.
28
Let m = 645 + -645. Suppose 24*y - 38*y + 2030 = m. What is the remainder when y 